late the highest common divisor of 58003 and 462.
11
Calculate the greatest common factor of 29 and 244383.
29
Calculate the highest common divisor of 243144 and 216.
72
What is the highest common factor of 498026 and 430?
86
Calculate the highest common divisor of 688 and 38012.
172
Calculate the greatest common factor of 90 and 3630.
30
Calculate the highest common divisor of 2117025 and 1164.
291
What is the highest common factor of 3402490 and 1820?
910
What is the greatest common divisor of 22335 and 15?
15
What is the greatest common factor of 188011 and 1?
1
What is the highest common divisor of 130823 and 77?
77
What is the greatest common divisor of 126756 and 189?
63
Calculate the greatest common divisor of 47382 and 212.
106
Calculate the greatest common factor of 329290 and 170.
170
What is the greatest common divisor of 12474 and 1001?
77
What is the greatest common factor of 12880 and 940?
20
Calculate the highest common divisor of 40417 and 156.
13
Calculate the highest common divisor of 84 and 530196.
12
What is the greatest common divisor of 227710 and 56?
14
What is the highest common factor of 3385718 and 42?
14
Calculate the highest common factor of 365 and 1405.
5
What is the greatest common divisor of 124075 and 525?
175
Calculate the highest common divisor of 590 and 1690.
10
Calculate the greatest common divisor of 2709 and 6.
3
Calculate the greatest common divisor of 1326 and 7242.
102
What is the highest common factor of 54 and 17307?
27
Calculate the highest common divisor of 204 and 53142.
102
Calculate the greatest common divisor of 16624 and 128.
16
What is the greatest common divisor of 3104 and 20?
4
Calculate the highest common factor of 819 and 156611.
91
What is the highest common divisor of 31110 and 120170?
610
Calculate the greatest common divisor of 32 and 2282.
2
What is the greatest common factor of 760 and 1593055?
95
Calculate the greatest common divisor of 4599 and 98623.
511
What is the greatest common factor of 150636 and 204?
12
What is the highest common factor of 227462 and 2?
2
What is the greatest common factor of 43005 and 5875?
235
What is the highest common factor of 503671 and 294?
49
What is the greatest common factor of 97226 and 4152?
346
What is the highest common divisor of 256 and 926?
2
Calculate the greatest common divisor of 5887 and 259.
7
What is the highest common factor of 68 and 8652388?
68
Calculate the greatest common factor of 650570 and 134.
134
What is the greatest common factor of 705 and 32580?
15
What is the highest common divisor of 1323 and 334278?
441
Calculate the greatest common divisor of 15 and 130410.
15
What is the greatest common divisor of 17760 and 128?
32
Calculate the greatest common divisor of 627 and 774763.
209
What is the highest common divisor of 357 and 1393?
7
What is the highest common divisor of 144 and 7389?
9
Calculate the greatest common factor of 162 and 1965.
3
Calculate the highest common factor of 2272611 and 51.
51
What is the highest common factor of 155181 and 39?
39
Calculate the highest common divisor of 13818 and 17934.
294
Calculate the greatest common factor of 1350 and 38625.
75
Calculate the greatest common divisor of 5955471 and 27.
27
What is the highest common factor of 220 and 80440?
20
Calculate the greatest common divisor of 5222 and 1512.
14
What is the greatest common factor of 94 and 3068489?
47
Calculate the highest common factor of 218 and 301058.
218
Calculate the highest common factor of 4674 and 1083.
57
What is the greatest common divisor of 2622 and 71622?
138
What is the greatest common factor of 5 and 86015?
5
Calculate the highest common divisor of 3664 and 66868.
916
Calculate the greatest common factor of 4046 and 29206.
34
What is the highest common factor of 464 and 129456?
464
What is the greatest common factor of 1679319 and 2997?
999
What is the greatest common divisor of 969912 and 1368?
1368
Calculate the greatest common factor of 39 and 1188.
3
Calculate the highest common divisor of 88 and 96668.
44
Calculate the highest common divisor of 60092 and 996.
332
What is the highest common factor of 174 and 43442?
58
What is the greatest common factor of 3339 and 86331?
21
What is the highest common divisor of 3230 and 5130?
190
Calculate the greatest common divisor of 1950 and 182850.
150
What is the highest common factor of 3212 and 197684?
292
Calculate the greatest common divisor of 202520 and 60.
20
Calculate the highest common divisor of 796030 and 230.
230
What is the greatest common factor of 3290 and 308350?
70
Calculate the highest common factor of 702 and 403702.
26
Calculate the highest common factor of 1460 and 645028.
292
What is the highest common factor of 43510 and 1007?
19
What is the greatest common divisor of 220 and 119090?
10
Calculate the highest common divisor of 2282 and 16814.
14
Calculate the greatest common divisor of 751658 and 466.
466
What is the highest common factor of 794313 and 513?
27
Calculate the greatest common factor of 61 and 117181.
61
What is the highest common factor of 495 and 16775?
55
What is the highest common divisor of 97277 and 356?
89
What is the greatest common factor of 25300 and 396?
44
What is the greatest common divisor of 2509380 and 81?
81
Calculate the greatest common divisor of 595 and 10255.
35
What is the greatest common factor of 21170 and 25185?
365
Calculate the greatest common factor of 188 and 182.
2
Calculate the highest common factor of 24705 and 10675.
305
What is the greatest common divisor of 245835 and 116544?
1821
What is the greatest common factor of 9490 and 78?
26
Calculate the highest common factor of 13851 and 1482.
57
What is the greatest common factor of 994782 and 222?
222
What is the highest common factor of 26624 and 168?
8
What is the greatest common divisor of 545 and 946883?
109
Calculate the greatest common factor of 1088 and 3200.
64
Calculate the highest common factor of 37192 and 8.
8
Calculate the greatest common divisor of 49660 and 11960.
260
What is the greatest common factor of 1085744 and 1023?
341
What is the highest common factor of 2636291 and 3836?
959
What is the highest common factor of 534492 and 162?
54
Calculate the highest common divisor of 300 and 34920.
60
Calculate the highest common factor of 1665 and 186075.
45
What is the greatest common divisor of 28130 and 6670?
290
Calculate the greatest common divisor of 40 and 74260.
20
What is the highest common divisor of 319437 and 54?
27
Calculate the greatest common factor of 1021771 and 2455.
491
Calculate the highest common factor of 93 and 31744.
31
What is the greatest common divisor of 2791 and 7?
1
What is the highest common divisor of 4394 and 7774?
338
Calculate the highest common divisor of 2536856 and 178.
178
What is the greatest common factor of 5389 and 9827?
317
What is the highest common factor of 20664 and 174496?
2296
Calculate the highest common divisor of 414 and 106020.
18
Calculate the highest common factor of 2286224 and 688.
688
What is the highest common factor of 577 and 45583?
577
Calculate the highest common divisor of 449606 and 82.
82
What is the greatest common factor of 1540945 and 70?
35
Calculate the highest common divisor of 375 and 10981500.
375
Calculate the highest common factor of 69342 and 910.
182
What is the greatest common divisor of 1937 and 676?
13
What is the greatest common divisor of 112 and 1656228?
28
What is the greatest common divisor of 21423 and 11211?
111
What is the highest common divisor of 336 and 10524?
12
Calculate the greatest common factor of 296370 and 370.
370
Calculate the highest common factor of 20 and 137260.
20
What is the highest common divisor of 1274 and 448084?
182
Calculate the highest common factor of 836895 and 30.
15
Calculate the highest common factor of 48177 and 29097.
477
Calculate the highest common divisor of 133808 and 208.
16
Calculate the highest common factor of 150 and 664725.
75
What is the highest common factor of 2697 and 8526?
87
What is the highest common factor of 8460 and 29328?
564
What is the highest common factor of 24 and 22208?
8
What is the greatest common divisor of 11523 and 138?
69
Calculate the greatest common divisor of 4350 and 55.
5
Calcul